is divided by 4249?
4245
What is the remainder when 94028 is divided by 92297?
1731
Calculate the remainder when 57366565 is divided by 17.
14
Calculate the remainder when 508941848 is divided by 309.
308
What is the remainder when 1351098 is divided by 23285?
568
Calculate the remainder when 5450093 is divided by 173.
74
Calculate the remainder when 674132 is divided by 14.
4
What is the remainder when 1767136 is divided by 31556?
0
What is the remainder when 14874772 is divided by 43?
40
Calculate the remainder when 9908882 is divided by 491.
11
What is the remainder when 12464870 is divided by 4154950?
20
What is the remainder when 3557603 is divided by 19?
5
Calculate the remainder when 30038164 is divided by 10012711.
31
What is the remainder when 850259 is divided by 1420?
1099
What is the remainder when 331532 is divided by 55234?
128
What is the remainder when 42173 is divided by 3243?
14
What is the remainder when 344193 is divided by 11866?
79
Calculate the remainder when 3693125 is divided by 246208.
5
What is the remainder when 7893707 is divided by 1095?
947
Calculate the remainder when 14755061 is divided by 683.
212
What is the remainder when 69793852 is divided by 51?
46
What is the remainder when 32372887 is divided by 1703836?
3
Calculate the remainder when 485302367 is divided by 665.
662
Calculate the remainder when 209347 is divided by 1176.
19
Calculate the remainder when 106956 is divided by 8211.
213
Calculate the remainder when 2825890 is divided by 30716.
18
What is the remainder when 17065578 is divided by 911?
726
What is the remainder when 3427441 is divided by 29294?
43
Calculate the remainder when 4459808 is divided by 6177.
14
What is the remainder when 476458 is divided by 9971?
7821
Calculate the remainder when 25792273 is divided by 189649.
9
What is the remainder when 403775 is divided by 16823?
23
What is the remainder when 892540 is divided by 468?
64
What is the remainder when 66069 is divided by 2137?
1959
Calculate the remainder when 430122 is divided by 1039.
1015
What is the remainder when 810596 is divided by 810366?
230
Calculate the remainder when 14495517 is divided by 78.
75
What is the remainder when 674491 is divided by 674491?
0
What is the remainder when 1293647807 is divided by 2890?
2887
Calculate the remainder when 44185862 is divided by 2518.
2516
Calculate the remainder when 265182 is divided by 614.
548
Calculate the remainder when 7245557 is divided by 179.
174
Calculate the remainder when 205023 is divided by 5090.
1423
Calculate the remainder when 1492008 is divided by 1491993.
15
What is the remainder when 63024 is divided by 2467?
1349
What is the remainder when 56183333 is divided by 3223?
3220
What is the remainder when 470764 is divided by 13845?
34
What is the remainder when 10221354 is divided by 1460142?
360
Calculate the remainder when 13317221 is divided by 3459.
71
Calculate the remainder when 7752252 is divided by 3.
0
What is the remainder when 5673 is divided by 601?
264
What is the remainder when 3498493 is divided by 1231?
1222
What is the remainder when 1574423 is divided by 2382?
2303
What is the remainder when 844485 is divided by 844386?
99
What is the remainder when 196454 is divided by 2419?
515
Calculate the remainder when 21987941 is divided by 22.
19
What is the remainder when 76896595 is divided by 13420?
13415
Calculate the remainder when 25828580 is divided by 2.
0
Calculate the remainder when 259451787 is divided by 30.
27
What is the remainder when 33824 is divided by 33?
32
Calculate the remainder when 370867 is divided by 11046.
6349
Calculate the remainder when 10975170 is divided by 26510.
30
What is the remainder when 2489992 is divided by 578?
546
What is the remainder when 1818787 is divided by 63?
40
Calculate the remainder when 8160668 is divided by 198.
98
What is the remainder when 1077865 is divided by 114?
109
Calculate the remainder when 133341 is divided by 631.
200
What is the remainder when 6901 is divided by 4345?
2556
Calculate the remainder when 249808 is divided by 6405.
13
Calculate the remainder when 2607595 is divided by 462.
67
Calculate the remainder when 54601 is divided by 1642.
415
Calculate the remainder when 478221 is divided by 174.
69
Calculate the remainder when 318986 is divided by 1653.
1610
Calculate the remainder when 6012543 is divided by 216.
183
What is the remainder when 6676 is divided by 2721?
1234
Calculate the remainder when 590000 is divided by 3416.
2448
Calculate the remainder when 55249 is divided by 388.
153
What is the remainder when 77487 is divided by 38686?
115
Calculate the remainder when 84377371 is divided by 2916.
2911
What is the remainder when 1349761 is divided by 788?
705
What is the remainder when 7903738 is divided by 415986?
4
Calculate the remainder when 585169 is divided by 71.
58
What is the remainder when 36043932 is divided by 55?
12
Calculate the remainder when 3194 is divided by 1358.
478
What is the remainder when 14386682 is divided by 436?
426
Calculate the remainder when 334260440 is divided by 12.
8
Calculate the remainder when 1877323 is divided by 16324.
63
Calculate the remainder when 113557947 is divided by 825.
822
What is the remainder when 46486 is divided by 60?
46
Calculate the remainder when 204631 is divided by 696.
7
Calculate the remainder when 1075979 is divided by 67080.
2699
What is the remainder when 136253 is divided by 67902?
449
What is the remainder when 4960031398 is divided by 221?
218
Calculate the remainder when 1504583 is divided by 735.
38
Calculate the remainder when 49625 is divided by 300.
125
Calculate the remainder when 73955 is divided by 73948.
7
What is the remainder when 355912 is divided by 1023?
931
Calculate the remainder when 57937315 is divided by 236.
23
What is the remainder when 42653 is divided by 19329?
3995
What is the remainder when 1051321 is divided by 20216?
89
What is the remainder when 695650280 is divided by 61?
58
Calculate the remainder when 25842003 is divided by 717833.
15
Calculate the remainder when 47657 is divided by 15440.
1337
What is the remainder when 19480570 is divided by 1312?
1306
What is the remainder when 170526 is divided by 985?
121
What is the remainder when 28157311 is divided by 6655?
6
What is the remainder when 621093 is divided by 124203?
78
Calculate the remainder when 324601 is divided by 108120.
241
What is the remainder when 614926 is divided by 2356?
10
Calculate the remainder when 164683 is divided by 2137.
134
Calculate the remainder when 284093 is divided by 135904.
12285
What is the remainder when 1002823334 is divided by 2385?
2384
Calculate the remainder when 604388 is divided by 2272.
36
Calculate the remainder when 99710 is divided by 1554.
254
What is the remainder when 35639548 is divided by 150?
148
What is the remainder when 496394455 is divided by 76?
75
Calculate the remainder when 34829137 is divided by 2.
1
What is the remainder when 301062 is divided by 23157?
21
Calculate the remainder when 776297 is divided by 776269.
28
What is the remainder when 45852457 is divided by 20?
17
What is the remainder when 12842 is divided by 2252?
1582
Calculate the remainder when 11546 is divided by 5770.
6
Calculate the remainder when 82864471 is divided by 14.
11
Calculate the remainder when 211156 is divided by 105403.
350
What is the remainder when 3905621 is divided by 557944?
13
Calculate the remainder when 324540774 is divided by 5277.
5274
Calculate the remainder when 413321 is divided by 82581.
416
Calculate the remainder when 3814264 is divided by 43.
35
Calculate the remainder when 95334 is divided by 325.
109
What is the remainder when 2609324 is divided by 434885?
14
Calculate the remainder when 196245 is divided by 27516.
3633
What is the remainder when 93619384 is divided by 42?
40
Calculate the remainder when 667122 is divided by 66515.
1972
What is the remainder when 110517 is divided by 852?
609
What is the remainder when 147128 is divided by 1980?
608
What is the remainder when 132422575 is divided by 21?
19
Calculate the remainder when 20426 is divided by 6807.
5
What is the remainder when 171377 is divided by 521?
489
Calculate the remainder when 20321602 is divided b